{"id":13052,"date":"2025-02-10T20:09:26","date_gmt":"2025-02-10T19:09:26","guid":{"rendered":"https:\/\/www.cesantmarti.com\/Internacional\/?page_id=13052"},"modified":"2026-01-27T20:24:40","modified_gmt":"2026-01-27T19:24:40","slug":"xxv-obert-internacional-sant-marti-2025","status":"publish","type":"page","link":"https:\/\/www.cesantmarti.com\/Internacional\/ca\/xxv-obert-internacional-sant-marti-2025\/","title":{"rendered":"XXV Obert Internacional Sant  Mart\u00ed 2025"},"content":{"rendered":"\n<figure class=\"wp-block-image aligncenter size-full is-resized\"><img loading=\"lazy\" decoding=\"async\" width=\"1810\" height=\"2560\" src=\"https:\/\/www.cesantmarti.com\/Internacional\/wp-content\/uploads\/2025\/02\/Cartel-XXV-Obert-Internacional-Sant-Marti-2025_Posters-y-dipticos_NUEVO-scaled.jpg\" alt=\"\" class=\"wp-image-13164\" style=\"width:720px\" srcset=\"https:\/\/www.cesantmarti.com\/Internacional\/wp-content\/uploads\/2025\/02\/Cartel-XXV-Obert-Internacional-Sant-Marti-2025_Posters-y-dipticos_NUEVO-scaled.jpg 1810w, https:\/\/www.cesantmarti.com\/Internacional\/wp-content\/uploads\/2025\/02\/Cartel-XXV-Obert-Internacional-Sant-Marti-2025_Posters-y-dipticos_NUEVO-768x1086.jpg 768w, https:\/\/www.cesantmarti.com\/Internacional\/wp-content\/uploads\/2025\/02\/Cartel-XXV-Obert-Internacional-Sant-Marti-2025_Posters-y-dipticos_NUEVO-1086x1536.jpg 1086w, https:\/\/www.cesantmarti.com\/Internacional\/wp-content\/uploads\/2025\/02\/Cartel-XXV-Obert-Internacional-Sant-Marti-2025_Posters-y-dipticos_NUEVO-1448x2048.jpg 1448w\" sizes=\"auto, (max-width: 1810px) 100vw, 1810px\" \/><\/figure>\n\n\n<div class=\"pt-cv-wrapper\"><div class=\"pt-cv-view pt-cv-grid pt-cv-colsys\" id=\"pt-cv-view-94b741eyre\"><div data-id=\"pt-cv-page-1\" class=\"pt-cv-page\" data-cvc=\"1\"><div class=\"col-md-12 col-sm-12 col-xs-12 pt-cv-content-item pt-cv-1-col\" ><div class='pt-cv-ifield'><a href=\"https:\/\/www.cesantmarti.com\/Internacional\/ca\/ronda-9-2025-cat\/\" class=\"_self pt-cv-href-thumbnail pt-cv-thumb-default\" target=\"_self\" ><img loading=\"lazy\" decoding=\"async\" width=\"600\" height=\"450\" src=\"https:\/\/www.cesantmarti.com\/Internacional\/wp-content\/uploads\/2025\/07\/IMG-20250720-WA0109.webp\" class=\"pt-cv-thumbnail\" alt=\"\" \/><\/a>\n<h4 class=\"pt-cv-title\"><a href=\"https:\/\/www.cesantmarti.com\/Internacional\/ca\/ronda-9-2025-cat\/\" class=\"_self\" target=\"_self\" >Ronda 9<\/a><\/h4>\n<div class=\"pt-cv-content\">RESULTATS RONDA 9 GRUP A RESULTATS RONDA 9 GRUP B CLASSIFICACI\u00d3 FINAL GRUP A CLASSIFICACI\u00d3 FINAL GRUP B PARTIDES RONDA ...<br \/><div class=\"pt-cv-rmwrap\"><a href=\"https:\/\/www.cesantmarti.com\/Internacional\/ca\/ronda-9-2025-cat\/\" class=\"_self pt-cv-readmore btn btn-success\" target=\"_self\">Leer M\u00e1s<\/a><\/div><\/div>\n<div class=\"pt-cv-meta-fields\"><span class=\"entry-date\"> <time datetime=\"2025-03-06T12:14:54+01:00\">06\/03\/2025<\/time><\/span><\/div><\/div><\/div>\n<div class=\"col-md-12 col-sm-12 col-xs-12 pt-cv-content-item pt-cv-1-col\" ><div class='pt-cv-ifield'><a href=\"https:\/\/www.cesantmarti.com\/Internacional\/ca\/ronda-8-2025-cat\/\" class=\"_self pt-cv-href-thumbnail pt-cv-thumb-default\" target=\"_self\" ><img loading=\"lazy\" decoding=\"async\" width=\"600\" height=\"450\" src=\"https:\/\/www.cesantmarti.com\/Internacional\/wp-content\/uploads\/2025\/07\/IMG-20250718-WA0034-1.webp\" class=\"pt-cv-thumbnail\" alt=\"\" \/><\/a>\n<h4 class=\"pt-cv-title\"><a href=\"https:\/\/www.cesantmarti.com\/Internacional\/ca\/ronda-8-2025-cat\/\" class=\"_self\" target=\"_self\" >Ronda 8<\/a><\/h4>\n<div class=\"pt-cv-content\">RESULTATS RONDA 8 GRUP A RESULTATS RONDA 8 GRUP B APARELLAMENTS RONDA 9 GRUP A APARELLAMENTS RONDA 9 GRUP B ...<br \/><div class=\"pt-cv-rmwrap\"><a href=\"https:\/\/www.cesantmarti.com\/Internacional\/ca\/ronda-8-2025-cat\/\" class=\"_self pt-cv-readmore btn btn-success\" target=\"_self\">Leer M\u00e1s<\/a><\/div><\/div>\n<div class=\"pt-cv-meta-fields\"><span class=\"entry-date\"> <time datetime=\"2025-03-06T12:09:28+01:00\">06\/03\/2025<\/time><\/span><\/div><\/div><\/div>\n<div class=\"col-md-12 col-sm-12 col-xs-12 pt-cv-content-item pt-cv-1-col\" ><div class='pt-cv-ifield'><a href=\"https:\/\/www.cesantmarti.com\/Internacional\/ca\/ronda-7-2025-cat\/\" class=\"_self pt-cv-href-thumbnail pt-cv-thumb-default\" target=\"_self\" ><img loading=\"lazy\" decoding=\"async\" width=\"600\" height=\"450\" src=\"https:\/\/www.cesantmarti.com\/Internacional\/wp-content\/uploads\/2025\/07\/IMG-20250719-WA0055.webp\" class=\"pt-cv-thumbnail\" alt=\"\" \/><\/a>\n<h4 class=\"pt-cv-title\"><a href=\"https:\/\/www.cesantmarti.com\/Internacional\/ca\/ronda-7-2025-cat\/\" class=\"_self\" target=\"_self\" >Ronda 7<\/a><\/h4>\n<div class=\"pt-cv-content\">RESULTATS RONDA 7 GRUP A RESULTATS RONDA 7 GRUP B APARELLAMENTS RONDA 8 GRUP A APARELLAMENTS RONDA 8 GRUP B ...<br \/><div class=\"pt-cv-rmwrap\"><a href=\"https:\/\/www.cesantmarti.com\/Internacional\/ca\/ronda-7-2025-cat\/\" class=\"_self pt-cv-readmore btn btn-success\" target=\"_self\">Leer M\u00e1s<\/a><\/div><\/div>\n<div class=\"pt-cv-meta-fields\"><span class=\"entry-date\"> <time datetime=\"2025-03-06T10:57:04+01:00\">06\/03\/2025<\/time><\/span><\/div><\/div><\/div>\n<div class=\"col-md-12 col-sm-12 col-xs-12 pt-cv-content-item pt-cv-1-col\" ><div class='pt-cv-ifield'><a href=\"https:\/\/www.cesantmarti.com\/Internacional\/ca\/xxv-obert-blitz-sant-marti-2025-cat\/\" class=\"_self pt-cv-href-thumbnail pt-cv-thumb-default\" target=\"_self\" ><img loading=\"lazy\" decoding=\"async\" width=\"600\" height=\"450\" src=\"https:\/\/www.cesantmarti.com\/Internacional\/wp-content\/uploads\/2025\/07\/IMG-20250719-WA0002.webp\" class=\"pt-cv-thumbnail\" alt=\"\" \/><\/a>\n<h4 class=\"pt-cv-title\"><a href=\"https:\/\/www.cesantmarti.com\/Internacional\/ca\/xxv-obert-blitz-sant-marti-2025-cat\/\" class=\"_self\" target=\"_self\" >XXV Obert Blitz Sant Mart\u00ed 2025<\/a><\/h4>\n<div class=\"pt-cv-content\">Es va disputar avui dissabte la 25 edici\u00f3 d'aquest cl\u00e0ssic que acompanya al nostre Internacional amb la participaci\u00f3 de 117 ...<br \/><div class=\"pt-cv-rmwrap\"><a href=\"https:\/\/www.cesantmarti.com\/Internacional\/ca\/xxv-obert-blitz-sant-marti-2025-cat\/\" class=\"_self pt-cv-readmore btn btn-success\" target=\"_self\">Leer M\u00e1s<\/a><\/div><\/div>\n<div class=\"pt-cv-meta-fields\"><span class=\"entry-date\"> <time datetime=\"2025-03-06T10:50:28+01:00\">06\/03\/2025<\/time><\/span><\/div><\/div><\/div>\n<div class=\"col-md-12 col-sm-12 col-xs-12 pt-cv-content-item pt-cv-1-col\" ><div class='pt-cv-ifield'><a href=\"https:\/\/www.cesantmarti.com\/Internacional\/ca\/ronda-6-2025-cat\/\" class=\"_self pt-cv-href-thumbnail pt-cv-thumb-default\" target=\"_self\" ><img loading=\"lazy\" decoding=\"async\" width=\"600\" height=\"450\" src=\"https:\/\/www.cesantmarti.com\/Internacional\/wp-content\/uploads\/2025\/07\/IMG-20250718-WA0093.webp\" class=\"pt-cv-thumbnail\" alt=\"\" \/><\/a>\n<h4 class=\"pt-cv-title\"><a href=\"https:\/\/www.cesantmarti.com\/Internacional\/ca\/ronda-6-2025-cat\/\" class=\"_self\" target=\"_self\" >Ronda 6<\/a><\/h4>\n<div class=\"pt-cv-content\">RESULTATS RONDA 6 GRUP A RESULTATS RONDA 6 GRUP B APARELLAMENTS RONDA 7 GRUP A APARELLAMENTS RONDA 7 GRUP B ...<br \/><div class=\"pt-cv-rmwrap\"><a href=\"https:\/\/www.cesantmarti.com\/Internacional\/ca\/ronda-6-2025-cat\/\" class=\"_self pt-cv-readmore btn btn-success\" target=\"_self\">Leer M\u00e1s<\/a><\/div><\/div>\n<div class=\"pt-cv-meta-fields\"><span class=\"entry-date\"> <time datetime=\"2025-03-06T10:44:07+01:00\">06\/03\/2025<\/time><\/span><\/div><\/div><\/div>\n<div class=\"col-md-12 col-sm-12 col-xs-12 pt-cv-content-item pt-cv-1-col\" ><div class='pt-cv-ifield'><a href=\"https:\/\/www.cesantmarti.com\/Internacional\/ca\/ronda-5-2025-cat\/\" class=\"_self pt-cv-href-thumbnail pt-cv-thumb-default\" target=\"_self\" ><img loading=\"lazy\" decoding=\"async\" width=\"600\" height=\"450\" src=\"https:\/\/www.cesantmarti.com\/Internacional\/wp-content\/uploads\/2025\/07\/IMG-20250718-WA0021.webp\" class=\"pt-cv-thumbnail\" alt=\"\" \/><\/a>\n<h4 class=\"pt-cv-title\"><a href=\"https:\/\/www.cesantmarti.com\/Internacional\/ca\/ronda-5-2025-cat\/\" class=\"_self\" target=\"_self\" >Ronda 5<\/a><\/h4>\n<div class=\"pt-cv-content\">RESULTATS RONDA 5 GRUP A RESULTATS RONDA 5 GRUP B APARELLAMENTS RONDA 6 GRUP A APARELLAMENTS RONDA 6 GRUP B ...<br \/><div class=\"pt-cv-rmwrap\"><a href=\"https:\/\/www.cesantmarti.com\/Internacional\/ca\/ronda-5-2025-cat\/\" class=\"_self pt-cv-readmore btn btn-success\" target=\"_self\">Leer M\u00e1s<\/a><\/div><\/div>\n<div class=\"pt-cv-meta-fields\"><span class=\"entry-date\"> <time datetime=\"2025-03-06T10:36:09+01:00\">06\/03\/2025<\/time><\/span><\/div><\/div><\/div>\n<div class=\"col-md-12 col-sm-12 col-xs-12 pt-cv-content-item pt-cv-1-col\" ><div class='pt-cv-ifield'><a href=\"https:\/\/www.cesantmarti.com\/Internacional\/ca\/ronda-4-2025-cat\/\" class=\"_self pt-cv-href-thumbnail pt-cv-thumb-default\" target=\"_self\" ><img loading=\"lazy\" decoding=\"async\" width=\"600\" height=\"452\" src=\"https:\/\/www.cesantmarti.com\/Internacional\/wp-content\/uploads\/2025\/07\/IMG-20250715-WA0001.webp\" class=\"pt-cv-thumbnail\" alt=\"\" \/><\/a>\n<h4 class=\"pt-cv-title\"><a href=\"https:\/\/www.cesantmarti.com\/Internacional\/ca\/ronda-4-2025-cat\/\" class=\"_self\" target=\"_self\" >Ronda 4<\/a><\/h4>\n<div class=\"pt-cv-content\">RESULTATS RONDA 4 GRUP A RESULTATS RONDA 4 GRUP B APARELLAMENTS RONDA 5 GRUP A APARELLAMENTS RONDA 5 GRUP B ...<br \/><div class=\"pt-cv-rmwrap\"><a href=\"https:\/\/www.cesantmarti.com\/Internacional\/ca\/ronda-4-2025-cat\/\" class=\"_self pt-cv-readmore btn btn-success\" target=\"_self\">Leer M\u00e1s<\/a><\/div><\/div>\n<div class=\"pt-cv-meta-fields\"><span class=\"entry-date\"> <time datetime=\"2025-03-06T10:27:34+01:00\">06\/03\/2025<\/time><\/span><\/div><\/div><\/div>\n<div class=\"col-md-12 col-sm-12 col-xs-12 pt-cv-content-item pt-cv-1-col\" ><div class='pt-cv-ifield'><a href=\"https:\/\/www.cesantmarti.com\/Internacional\/ca\/ronda-3-2025-cat\/\" class=\"_self pt-cv-href-thumbnail pt-cv-thumb-default\" target=\"_self\" ><img loading=\"lazy\" decoding=\"async\" width=\"450\" height=\"600\" src=\"https:\/\/www.cesantmarti.com\/Internacional\/wp-content\/uploads\/2025\/07\/IMG-20250716-WA0022.webp\" class=\"pt-cv-thumbnail\" alt=\"\" \/><\/a>\n<h4 class=\"pt-cv-title\"><a href=\"https:\/\/www.cesantmarti.com\/Internacional\/ca\/ronda-3-2025-cat\/\" class=\"_self\" target=\"_self\" >Ronda 3<\/a><\/h4>\n<div class=\"pt-cv-content\">RESULTATS RONDA 3 GRUP A RESULTATS RONDA 3 GRUP B APARELLAMENTS RONDA 4 GRUP A APARELLAMENTS RONDA 4 GRUP B ...<br \/><div class=\"pt-cv-rmwrap\"><a href=\"https:\/\/www.cesantmarti.com\/Internacional\/ca\/ronda-3-2025-cat\/\" class=\"_self pt-cv-readmore btn btn-success\" target=\"_self\">Leer M\u00e1s<\/a><\/div><\/div>\n<div class=\"pt-cv-meta-fields\"><span class=\"entry-date\"> <time datetime=\"2025-03-06T09:44:58+01:00\">06\/03\/2025<\/time><\/span><\/div><\/div><\/div>\n<div class=\"col-md-12 col-sm-12 col-xs-12 pt-cv-content-item pt-cv-1-col\" ><div class='pt-cv-ifield'><a href=\"https:\/\/www.cesantmarti.com\/Internacional\/ca\/ronda-2-2025-cat\/\" class=\"_self pt-cv-href-thumbnail pt-cv-thumb-default\" target=\"_self\" ><img loading=\"lazy\" decoding=\"async\" width=\"600\" height=\"452\" src=\"https:\/\/www.cesantmarti.com\/Internacional\/wp-content\/uploads\/2025\/07\/IMG-20250715-WA0024.webp\" class=\"pt-cv-thumbnail\" alt=\"\" \/><\/a>\n<h4 class=\"pt-cv-title\"><a href=\"https:\/\/www.cesantmarti.com\/Internacional\/ca\/ronda-2-2025-cat\/\" class=\"_self\" target=\"_self\" >Ronda 2<\/a><\/h4>\n<div class=\"pt-cv-content\">RESULTATS RONDA 2 GRUP A RESULTATS RONDA 2 GRUP B APARELLAMENTS RONDA 3 GRUP A APARELLAMENTS RONDA 3 GRUP B ...<br \/><div class=\"pt-cv-rmwrap\"><a href=\"https:\/\/www.cesantmarti.com\/Internacional\/ca\/ronda-2-2025-cat\/\" class=\"_self pt-cv-readmore btn btn-success\" target=\"_self\">Leer M\u00e1s<\/a><\/div><\/div>\n<div class=\"pt-cv-meta-fields\"><span class=\"entry-date\"> <time datetime=\"2025-03-06T09:37:27+01:00\">06\/03\/2025<\/time><\/span><\/div><\/div><\/div>\n<div class=\"col-md-12 col-sm-12 col-xs-12 pt-cv-content-item pt-cv-1-col\" ><div class='pt-cv-ifield'><a href=\"https:\/\/www.cesantmarti.com\/Internacional\/ca\/ronda-1-2025-cat\/\" class=\"_self pt-cv-href-thumbnail pt-cv-thumb-default\" target=\"_self\" ><img loading=\"lazy\" decoding=\"async\" width=\"600\" height=\"450\" src=\"https:\/\/www.cesantmarti.com\/Internacional\/wp-content\/uploads\/2025\/07\/IMG-20250714-WA0006.webp\" class=\"pt-cv-thumbnail\" alt=\"\" \/><\/a>\n<h4 class=\"pt-cv-title\"><a href=\"https:\/\/www.cesantmarti.com\/Internacional\/ca\/ronda-1-2025-cat\/\" class=\"_self\" target=\"_self\" >Ronda 1<\/a><\/h4>\n<div class=\"pt-cv-content\">Va comen\u00e7ar el torneig amb un total de 327 inscrits tornant a la senda pre-pand\u00e8mia quan cada edici\u00f3 rondaven per ...<br \/><div class=\"pt-cv-rmwrap\"><a href=\"https:\/\/www.cesantmarti.com\/Internacional\/ca\/ronda-1-2025-cat\/\" class=\"_self pt-cv-readmore btn btn-success\" target=\"_self\">Leer M\u00e1s<\/a><\/div><\/div>\n<div class=\"pt-cv-meta-fields\"><span class=\"entry-date\"> <time datetime=\"2025-03-06T09:23:31+01:00\">06\/03\/2025<\/time><\/span><\/div><\/div><\/div>\n<div class=\"col-md-12 col-sm-12 col-xs-12 pt-cv-content-item pt-cv-1-col\" ><div class='pt-cv-ifield'><a href=\"https:\/\/www.cesantmarti.com\/Internacional\/ca\/xxv-obert-internacional-sant-marti-2025-catalan\/\" class=\"_self pt-cv-href-thumbnail pt-cv-thumb-default\" target=\"_self\" ><\/a>\n<h4 class=\"pt-cv-title\"><a href=\"https:\/\/www.cesantmarti.com\/Internacional\/ca\/xxv-obert-internacional-sant-marti-2025-catalan\/\" class=\"_self\" target=\"_self\" >XXV Obert Internacional Sant Mart\u00ed 2025<\/a><\/h4>\n<div class=\"pt-cv-content\">Ya est\u00e1 todo preparado para empezar el torneo APARELLAMENTS RONDA 1 GRUP A APARELLAMENTS RONDA 1 GRUP B ...<br \/><div class=\"pt-cv-rmwrap\"><a href=\"https:\/\/www.cesantmarti.com\/Internacional\/ca\/xxv-obert-internacional-sant-marti-2025-catalan\/\" class=\"_self pt-cv-readmore btn btn-success\" target=\"_self\">Leer M\u00e1s<\/a><\/div><\/div>\n<div class=\"pt-cv-meta-fields\"><span class=\"entry-date\"> <time datetime=\"2025-03-05T12:40:00+01:00\">05\/03\/2025<\/time><\/span><\/div><\/div><\/div><\/div><\/div><\/div>\n","protected":false},"excerpt":{"rendered":"","protected":false},"author":2,"featured_media":0,"parent":0,"menu_order":0,"comment_status":"closed","ping_status":"closed","template":"","meta":{"_eb_attr":"","_uag_custom_page_level_css":"","site-sidebar-layout":"default","site-content-layout":"","ast-site-content-layout":"default","site-content-style":"default","site-sidebar-style":"default","ast-global-header-display":"","ast-banner-title-visibility":"","ast-main-header-display":"","ast-hfb-above-header-display":"","ast-hfb-below-header-display":"","ast-hfb-mobile-header-display":"","site-post-title":"","ast-breadcrumbs-content":"","ast-featured-img":"","footer-sml-layout":"","ast-disable-related-posts":"","theme-transparent-header-meta":"","adv-header-id-meta":"","stick-header-meta":"","header-above-stick-meta":"","header-main-stick-meta":"","header-below-stick-meta":"","astra-migrate-meta-layouts":"set","ast-page-background-enabled":"default","ast-page-background-meta":{"desktop":{"background-color":"var(--ast-global-color-4)","background-image":"","background-repeat":"repeat","background-position":"center center","background-size":"auto","background-attachment":"scroll","background-type":"","background-media":"","overlay-type":"","overlay-color":"","overlay-opacity":"","overlay-gradient":""},"tablet":{"background-color":"","background-image":"","background-repeat":"repeat","background-position":"center center","background-size":"auto","background-attachment":"scroll","background-type":"","background-media":"","overlay-type":"","overlay-color":"","overlay-opacity":"","overlay-gradient":""},"mobile":{"background-color":"","background-image":"","background-repeat":"repeat","background-position":"center center","background-size":"auto","background-attachment":"scroll","background-type":"","background-media":"","overlay-type":"","overlay-color":"","overlay-opacity":"","overlay-gradient":""}},"ast-content-background-meta":{"desktop":{"background-color":"var(--ast-global-color-5)","background-image":"","background-repeat":"repeat","background-position":"center center","background-size":"auto","background-attachment":"scroll","background-type":"","background-media":"","overlay-type":"","overlay-color":"","overlay-opacity":"","overlay-gradient":""},"tablet":{"background-color":"var(--ast-global-color-5)","background-image":"","background-repeat":"repeat","background-position":"center center","background-size":"auto","background-attachment":"scroll","background-type":"","background-media":"","overlay-type":"","overlay-color":"","overlay-opacity":"","overlay-gradient":""},"mobile":{"background-color":"var(--ast-global-color-5)","background-image":"","background-repeat":"repeat","background-position":"center center","background-size":"auto","background-attachment":"scroll","background-type":"","background-media":"","overlay-type":"","overlay-color":"","overlay-opacity":"","overlay-gradient":""}},"iawp_total_views":8,"footnotes":""},"class_list":["post-13052","page","type-page","status-publish","hentry"],"uagb_featured_image_src":{"full":false,"thumbnail":false,"medium":false,"medium_large":false,"large":false,"1536x1536":false,"2048x2048":false},"uagb_author_info":{"display_name":"Pablo Castillo","author_link":"https:\/\/www.cesantmarti.com\/Internacional\/author\/pablo\/"},"uagb_comment_info":0,"uagb_excerpt":null,"_links":{"self":[{"href":"https:\/\/www.cesantmarti.com\/Internacional\/wp-json\/wp\/v2\/pages\/13052","targetHints":{"allow":["GET"]}}],"collection":[{"href":"https:\/\/www.cesantmarti.com\/Internacional\/wp-json\/wp\/v2\/pages"}],"about":[{"href":"https:\/\/www.cesantmarti.com\/Internacional\/wp-json\/wp\/v2\/types\/page"}],"author":[{"embeddable":true,"href":"https:\/\/www.cesantmarti.com\/Internacional\/wp-json\/wp\/v2\/users\/2"}],"replies":[{"embeddable":true,"href":"https:\/\/www.cesantmarti.com\/Internacional\/wp-json\/wp\/v2\/comments?post=13052"}],"version-history":[{"count":3,"href":"https:\/\/www.cesantmarti.com\/Internacional\/wp-json\/wp\/v2\/pages\/13052\/revisions"}],"predecessor-version":[{"id":14196,"href":"https:\/\/www.cesantmarti.com\/Internacional\/wp-json\/wp\/v2\/pages\/13052\/revisions\/14196"}],"wp:attachment":[{"href":"https:\/\/www.cesantmarti.com\/Internacional\/wp-json\/wp\/v2\/media?parent=13052"}],"curies":[{"name":"wp","href":"https:\/\/api.w.org\/{rel}","templated":true}]}}