{"id":362,"date":"2023-03-11T12:20:27","date_gmt":"2023-03-11T11:20:27","guid":{"rendered":"https:\/\/www.cesantmarti.com\/Internacional\/?page_id=362"},"modified":"2026-01-28T09:37:24","modified_gmt":"2026-01-28T08:37:24","slug":"premis-fra","status":"publish","type":"page","link":"https:\/\/www.cesantmarti.com\/Internacional\/fr\/premis-fra\/","title":{"rendered":"Premis-fra"},"content":{"rendered":"\n<h3 class=\"wp-block-heading has-text-align-center\"><strong>9.030 EUROS<\/strong><\/h3>\n\n\n\n<figure class=\"wp-block-image alignfull size-full\"><img loading=\"lazy\" decoding=\"async\" width=\"2333\" height=\"1148\" src=\"https:\/\/www.cesantmarti.com\/Internacional\/wp-content\/uploads\/2026\/01\/Premios-frances-2026-bis.jpg\" alt=\"\" class=\"wp-image-14250\" srcset=\"https:\/\/www.cesantmarti.com\/Internacional\/wp-content\/uploads\/2026\/01\/Premios-frances-2026-bis.jpg 2333w, https:\/\/www.cesantmarti.com\/Internacional\/wp-content\/uploads\/2026\/01\/Premios-frances-2026-bis-768x378.jpg 768w, https:\/\/www.cesantmarti.com\/Internacional\/wp-content\/uploads\/2026\/01\/Premios-frances-2026-bis-1536x756.jpg 1536w, https:\/\/www.cesantmarti.com\/Internacional\/wp-content\/uploads\/2026\/01\/Premios-frances-2026-bis-2048x1008.jpg 2048w\" sizes=\"auto, (max-width: 2333px) 100vw, 2333px\" \/><\/figure>\n\n\n\n<p><strong>Elle est obligatoire, l&#8217;aide des joueurs r\u00e9compens\u00e9s \u00e0 la livraison de prix pour reprendre ce qu&#8217;ils ont gagn\u00e9 (devrait apporter la DNI, NIE ou passeport pour recueillir le prix). Tous les prix se paieront en d\u00e9duisant la r\u00e9tentio l\u00e9gale en vigueur<\/strong>. Les prix ne sont pas r\u00e9partis ils s&#8217;accumulent entre les \u00e9galis\u00e9s aux points. On ne peut pas accumuler un prix de la classification g\u00e9n\u00e9rale et un tranche. Si deux prix incompatibles communiquent \u00e0 un joueur, la direction du tournoi lui assignera celui-l\u00e0 de plus une valeur \u00e9conomique et s&#8217;ils \u00e9taient de la m\u00eame valeur, la direction du tournoi lui assignera celui qui consid\u00e8re convenable. Pour d\u00e9terminer les tron\u00e7ons de bourses classement FIDE sera utilis\u00e9e \u00e0 la fois dans le groupe A comme dans le groupe B.<\/p>\n","protected":false},"excerpt":{"rendered":"<p>9.030 EUROS Elle est obligatoire, l&#8217;aide des joueurs r\u00e9compens\u00e9s \u00e0 la livraison de prix pour reprendre ce qu&#8217;ils ont gagn\u00e9 (devrait apporter la DNI, NIE ou passeport pour recueillir le prix). Tous les prix se paieront en d\u00e9duisant la r\u00e9tentio l\u00e9gale en vigueur. Les prix ne sont pas r\u00e9partis ils s&#8217;accumulent entre les \u00e9galis\u00e9s aux [&hellip;]<\/p>\n","protected":false},"author":2,"featured_media":0,"parent":0,"menu_order":0,"comment_status":"closed","ping_status":"closed","template":"","meta":{"_eb_attr":"","_uag_custom_page_level_css":"","site-sidebar-layout":"default","site-content-layout":"","ast-site-content-layout":"default","site-content-style":"default","site-sidebar-style":"default","ast-global-header-display":"","ast-banner-title-visibility":"","ast-main-header-display":"","ast-hfb-above-header-display":"","ast-hfb-below-header-display":"","ast-hfb-mobile-header-display":"","site-post-title":"disabled","ast-breadcrumbs-content":"","ast-featured-img":"","footer-sml-layout":"","ast-disable-related-posts":"","theme-transparent-header-meta":"","adv-header-id-meta":"","stick-header-meta":"","header-above-stick-meta":"","header-main-stick-meta":"","header-below-stick-meta":"","astra-migrate-meta-layouts":"set","ast-page-background-enabled":"default","ast-page-background-meta":{"desktop":{"background-color":"var(--ast-global-color-4)","background-image":"","background-repeat":"repeat","background-position":"center center","background-size":"auto","background-attachment":"scroll","background-type":"","background-media":"","overlay-type":"","overlay-color":"","overlay-opacity":"","overlay-gradient":""},"tablet":{"background-color":"","background-image":"","background-repeat":"repeat","background-position":"center center","background-size":"auto","background-attachment":"scroll","background-type":"","background-media":"","overlay-type":"","overlay-color":"","overlay-opacity":"","overlay-gradient":""},"mobile":{"background-color":"","background-image":"","background-repeat":"repeat","background-position":"center center","background-size":"auto","background-attachment":"scroll","background-type":"","background-media":"","overlay-type":"","overlay-color":"","overlay-opacity":"","overlay-gradient":""}},"ast-content-background-meta":{"desktop":{"background-color":"var(--ast-global-color-5)","background-image":"","background-repeat":"repeat","background-position":"center center","background-size":"auto","background-attachment":"scroll","background-type":"","background-media":"","overlay-type":"","overlay-color":"","overlay-opacity":"","overlay-gradient":""},"tablet":{"background-color":"var(--ast-global-color-5)","background-image":"","background-repeat":"repeat","background-position":"center center","background-size":"auto","background-attachment":"scroll","background-type":"","background-media":"","overlay-type":"","overlay-color":"","overlay-opacity":"","overlay-gradient":""},"mobile":{"background-color":"var(--ast-global-color-5)","background-image":"","background-repeat":"repeat","background-position":"center center","background-size":"auto","background-attachment":"scroll","background-type":"","background-media":"","overlay-type":"","overlay-color":"","overlay-opacity":"","overlay-gradient":""}},"iawp_total_views":47,"footnotes":""},"class_list":["post-362","page","type-page","status-publish","hentry"],"uagb_featured_image_src":{"full":false,"thumbnail":false,"medium":false,"medium_large":false,"large":false,"1536x1536":false,"2048x2048":false},"uagb_author_info":{"display_name":"Pablo Castillo","author_link":"https:\/\/www.cesantmarti.com\/Internacional\/author\/pablo\/"},"uagb_comment_info":0,"uagb_excerpt":"9.030 EUROS Elle est obligatoire, l&#8217;aide des joueurs r\u00e9compens\u00e9s \u00e0 la livraison de prix pour reprendre ce qu&#8217;ils ont gagn\u00e9 (devrait apporter la DNI, NIE ou passeport pour recueillir le prix). Tous les prix se paieront en d\u00e9duisant la r\u00e9tentio l\u00e9gale en vigueur. Les prix ne sont pas r\u00e9partis ils s&#8217;accumulent entre les \u00e9galis\u00e9s aux&hellip;","_links":{"self":[{"href":"https:\/\/www.cesantmarti.com\/Internacional\/wp-json\/wp\/v2\/pages\/362","targetHints":{"allow":["GET"]}}],"collection":[{"href":"https:\/\/www.cesantmarti.com\/Internacional\/wp-json\/wp\/v2\/pages"}],"about":[{"href":"https:\/\/www.cesantmarti.com\/Internacional\/wp-json\/wp\/v2\/types\/page"}],"author":[{"embeddable":true,"href":"https:\/\/www.cesantmarti.com\/Internacional\/wp-json\/wp\/v2\/users\/2"}],"replies":[{"embeddable":true,"href":"https:\/\/www.cesantmarti.com\/Internacional\/wp-json\/wp\/v2\/comments?post=362"}],"version-history":[{"count":7,"href":"https:\/\/www.cesantmarti.com\/Internacional\/wp-json\/wp\/v2\/pages\/362\/revisions"}],"predecessor-version":[{"id":14262,"href":"https:\/\/www.cesantmarti.com\/Internacional\/wp-json\/wp\/v2\/pages\/362\/revisions\/14262"}],"wp:attachment":[{"href":"https:\/\/www.cesantmarti.com\/Internacional\/wp-json\/wp\/v2\/media?parent=362"}],"curies":[{"name":"wp","href":"https:\/\/api.w.org\/{rel}","templated":true}]}}